25. Let u be x(21). Suppose -2*d + u - 12 = 0. Give n(d).
-8
Let y(o) = 2*o + 2. Let t(g) = -11*g - 7. Let n(l) = t(l) + 5*y(l). What is n(-1)?
4
Let h(y) = -9*y**2 + y + 9. Let v(z) = 4*z**2 - 5. Let n(k) = -2*h(k) - 5*v(k). Give n(4).
-33
Let q(p) = p**2 - p - 6. Let v(l) = l**2 - 2*l - 7. Let x(d) = -5*q(d) + 4*v(d). Let w(h) = h**2 + 18*h - 2. Let o be w(-18). Give x(o).
4
Let q(j) = j**2 + j. Let l be q(0). Suppose l = 3*x + 3*x - 24. Let p(t) = -t**2 + 4*t. Let i be p(x). Let r(h) = h**2 - h - 4. Give r(i).
-4
Let h = -258 - -256. Let m(l) = 10*l - 2. What is m(h)?
-22
Let z(t) = -4*t + 3. Let s(l) = l**3 - 3*l**2 - 49. Let r be s(5). Determine z(r).
-1
Let f(d) = 8 + 3*d - 21 + 4 - 1 + 6. Give f(-4).
-16
Let w(o) be the first derivative of o**3/6 + 5*o**2 + 8*o + 8. Let g(f) be the first derivative of w(f). Calculate g(0).
10
Let l(u) = -u**2 + 4*u + 10. Let b be 194 - 2*2/1. Suppose 5*z + 3*a - b = 2*a, -4*z + 3*a = -171. Suppose -6*k = -z - 3. What is l(k)?
-11
Let g(v) = -v**3 + 5*v**2 + 7*v - 5. Let n be g(6). Let m(r) = -5 - 2 - r + 6 + 2*r - 4*r**2 - 2*r**2. Determine m(n).
-6
Let b(r) be the first derivative of 27*r**2/2 + r - 473. Determine b(-1).
-26
Let b(o) be the first derivative of 5*o**3/3 - 3*o**2 - 2*o + 17. Let p(a) = 4*a**2 - 6*a - 3. Let m(h) = -3*b(h) + 4*p(h). Calculate m(6).
-6
Let q = 111 + -112. Let n(w) be the second derivative of 1/2*w**2 + 0 + w - 1/2*w**3. Give n(q).
4
Let c be ((-10)/((-80)/(-72)))/3. Let j(z) = 4*z**3 - 16*z**2 - 7. Let k(l) = -l**3 + 5*l**2 + 2. Let x(w) = 2*j(w) + 7*k(w). What is x(c)?
0
Let z(v) be the first derivative of 3*v**2/2 - 3*v + 21. What is z(-2)?
-9
Let u(c) = -3*c**3 + c**2 - c. Let g(l) = l + 3*l**2 + l - 2 + 0*l**2 - 2*l**2. Let t be g(-3). Calculate u(t).
-3
Let s = 11 + -7. Suppose -2*r + 0*r = s. Let a(h) be the first derivative of -3*h**2/2 + 1. Determine a(r).
6
Let i(h) = h**2 + h + 17. Let t = -595 + 595. Give i(t).
17
Let k(d) be the third derivative of -d**6/40 + d**5/20 + d**4/12 + 5*d**3/6 - 677*d**2. Determine k(3).
-43
Let n(s) = s**2 + 3*s - 3. Suppose -5*b + 21 = 2*b. Let u be (44/33)/((-1)/b). Give n(u).
1
Let l(d) = -2*d + 10. Let i be l(-7). Suppose i = x - 2*q, 3*x - q = -0*q + 67. Let n(k) = x - 22 + k. Calculate n(-3).
-3
Let v(y) = 3*y**3 + 17*y**2 + y - 4. Let u(n) = n**3 + 6*n**2 - 1. Let p(g) = -8*u(g) + 3*v(g). Calculate p(-4).
-32
Let t be 6/(-9) - 32/(-12). Suppose -t*r + 5*n = -1 - 1, -2*n = 3*r - 3. Let v(o) = -1 + 8*o + 1 + 1 - 2. Calculate v(r).
7
Let f(q) = -2 + 2*q**3 - 4*q + 8*q**2 - 3*q**3 - 2*q**2. Let z be f(5). Let m(c) = -2*c**2 - 1 + 0*c + c**z - 4*c + 2*c. Calculate m(3).
2
Suppose -2*s = -2*u - 8, -2*u - 2*s = -3*u - 9. Suppose -r = -3 - u. Suppose -5*o - r*q = -5, 5*q = -o - 2*o + 16. Let m(l) = -l**2 - l. Give m(o).
-6
Let h(m) = -5*m - 6. Let t(y) = 4*y + 6. Let u(z) = -2*h(z) - 3*t(z). Let c = -95 + 101. What is u(c)?
-18
Let i(g) = -3*g + 2. Let u(p) = -p - 1. Let l(s) = -i(s) + 5*u(s). Let x be l(-7). Let c(j) = -x*j**2 + 3*j - 3*j + 18*j**2. Give c(1).
11
Suppose 14 = 14*h - 28*h. Let z(s) = -8*s**3 - 2*s**2 + 1. Determine z(h).
7
Suppose -4*b = -0*b - 12. Let i(w) = 0*w**3 + 102*w + 4*w**2 - 103*w + w**b. Let d = -11 + 7. What is i(d)?
4
Let k(u) be the first derivative of -7*u**4/4 - 2*u**3/3 - u**2/2 - 3. Suppose 12 = -4*c + 4*n, -5*c - 4*n = -2*n + 1. What is k(c)?
6
Let r = 6 + 2. Suppose 2*z = r*z - 42. Let k(b) = -b**3 + 7*b**2 + b + 1. Determine k(z).
8
Let z(x) = x**3 + x**2 - x - 1. Let c(g) = -g + 11. Let s be c(-5). Let q = s + -3. Let j be 2/(-8) + q/52. Give z(j).
-1
Let n(b) be the first derivative of b**3/3 - b**2/2 + 6*b + 235. Determine n(5).
26
Let u(m) = 5*m**2 + 6*m - 8. Let v(i) = 9*i**2 + 12*i - 15. Let r(f) = -11*u(f) + 6*v(f). Calculate r(4).
6
Suppose 0 = -7*n + n. Suppose 5*d + 2*l - 8 = n, l = d - 4*d + 4. Let f(g) = g + 3. Determine f(d).
3
Suppose -29 = 4*q + 19. Let d be (24/(-10))/((-4)/(-30)). Let z = q - d. Let i(s) = -s**2 + 7*s - 4. Determine i(z).
2
Let x(l) = -l**3 - 3*l**2 - 3*l - 3. Let c = 14 - 10. Suppose -h - 1 = 2*t + 17, -c*h = 5*t + 48. Let s = t - -6. Give x(s).
-1
Suppose -2*p = 2*p. Let b be 4/(-2) + 2 + p. Let r(x) = -x**2 + 2 - 8*x + b*x + 6*x. What is r(-5)?
-13
Let k(l) = -2*l + 42. Let o = -291 - -315. What is k(o)?
-6
Suppose 26 - 39 = m. Let a(y) = y**2 + 12*y - 10. Let k be a(m). Let v(i) = i**3 - 4*i**2 + 4*i + 1. Calculate v(k).
4
Let j(g) = -g**3 - 5*g**2 + 5*g - 5. Let q(k) = 3*k + 5. Let o be q(8). Suppose 4*h - 17 - o = 5*d, -2*h + 8 = 0. Determine j(d).
1
Let k(h) be the first derivative of h**4/2 + 2*h**3/3 - h - 136. Determine k(-1).
-1
Let h(u) = -4 - u + 0 + 3*u - 1. Suppose 8*x + 20 = 13*x. Determine h(x).
3
Suppose 0*i = -i + 2. Let x(m) = m + 0*m + 0*m**2 - m**3 + 4*m - i*m**2. Let l(k) = k**3 + 5*k**2 + 6*k + 4. Let b be l(-4). Determine x(b).
12
Let g(d) = d**2 + 19*d + 20. Let j(s) = s**3 - 2*s**2 - 21*s + 12. Let x be j(5). Calculate g(x).
2
Let l be (-4)/5*75/5. Let d(j) = j**2 + 10*j - 16. Give d(l).
8
Suppose 0 = -3*q - 9 - 0. Let w(f) = -f**2 - 10*f - 1. Let i(g) = -g**2 - 8*g - 1. Let s(r) = -3*i(r) + 2*w(r). Give s(q).
-2
Suppose 2*a + a = r + 18, -2*r = 0. Let j = 24 + -23. Let s(q) = -q - 1. Let z(g) = g + 16. Let k(f) = j*z(f) + 2*s(f). What is k(a)?
8
Let v(l) = -l - 10. Let d(t) = -1. Let w(x) = -x**3 + 8*x**2 + 1. Let z be w(8). Let q(n) = z*v(n) - 5*d(n). Determine q(-7).
2
Let a(y) be the first derivative of y**2/2 - 11*y - 28. Calculate a(0).
-11
Let u(y) = 14*y**3 + 19*y - 7 - 13*y**3 - 6*y**2 - 25*y. Determine u(7).
0
Let c(z) be the third derivative of -z**6/120 - z**5/30 - z**3/6 + 775*z**2. Calculate c(-3).
8
Let r(b) = b. Suppose 5*z = 10*z + 40. Let o(i) = -i**3 - 8*i**2 - 1. Let n be o(z). Calculate r(n).
-1
Let t = 38 + -25. Let x(y) = y**3 - 13*y**2 - 2*y + 18. What is x(t)?
-8
Let j(y) be the first derivative of 7/2*y**2 - y + 21. Give j(2).
13
Let a = -35 - -39. Let c be (-344)/(-40) + a/10. Let g(h) = 19 - c - 8 + 4*h. Give g(2).
10
Let c(v) = -9*v - 1. Let j = 645 + -646. Give c(j).
8
Let l(y) = -y**2 + 3*y - 3. Let s(p) be the third derivative of -p**5/30 + p**4/3 + 5*p**3/6 - 22*p**2. Let w be s(4). What is l(w)?
-13
Let t(k) = 495*k - 494*k + k**2 - 45*k**3 + 5 + 44*k**3. Let m be ((-2)/(-3))/((-4)/(-30)). Suppose m*x = x. Calculate t(x).
5
Let q(k) = -7*k + 1. Let i(a) be the second derivative of -a**5/20 - a**3/6 + 3*a**2 + 2*a. Let w be i(0). Let v be (w/(-6 - -3))/(-2). Calculate q(v).
-6
Let r(o) = o**2 - 8*o + 4. Let f(t) = 2*t**2 + 3*t + 1. Let k be f(-2). Let d be (((-54)/4)/9)/(k/(-14)). Give r(d).
-3
Let k(z) = -2*z + 32. Let r be k(11). Let y(l) = -l**2 - 11*l + 20*l - r - 10*l - 10*l. What is y(-9)?
8
Let y(j) = -j**3 - 5*j**2 + 5*j + 7. Let p = 1259 + -1265. What is y(p)?
13
Let z be (-26 + 5)*(-1)/1. Let f(c) = 57*c - 6 - c**2 - 30*c - z*c. Calculate f(4).
2
Suppose 4*d + 5 = -a, -13*d + 5 = -a - 15*d. Let l(g) = g**2 + 4*g - 5. Determine l(a).
0
Let k(o) = o**3 + 4*o**2 + 2*o + 2. Suppose -i + 13 = 5*u, 3*i - 5 + 2 = -3*u. Let a be -1 + (-1 - u) + 2. Determine k(a).
5
Let z(f) = f**3 - 6*f**2 - f + 5. Let t = -38 - -39. Suppose 3*c - t = 17. Give z(c).
-1
Suppose 5*m = 10 - 0. Let x(b) = 9 - 2 + m + b - 2 - b**2. Suppose -3*v = -2*q + 3*q, v - 2*q = 0. What is x(v)?
7
Let f be 0 + -1 + -2 + 5. Let b(p) = -5 - 5 - f*p + 5 + 3*p. Determine b(-4).
-9
Let t(q) = 11*q**2 + 44*q + 11. Let i(m) = -7*m**2 - 28*m - 7. Let z(s) = -8*i(s) - 5*t(s). Calculate z(-5).
6
Let w(v) be the second derivative of v**4/12 + 3*v**3/2 + v**2/2 + 38*v + 6. Let c be (-94)/10 + 4/10. Determine w(c).
1
Suppose -4*t - 18 = -10*t. Suppose -2*w + 11 = 4*a - a, 5*w = -t*a + 5. Let y(u) = -u - 2. What is y(a)?
-7
Let f be 138/230 - 9/15. Let b(l) be the first derivative of -2 + f*l + 1/2*l**2. Give b(5).
5
Let n be (1 + 9/(-6))*-4. Let s(f) = 4*f**3 + 170*f**2 - 8 + f - 3*f**3 - 171*f**n. Determine s(0).
-8
Let b(r) = -r**2 - 1. Let w(m) = -m**3 + m - 6. Suppose -5*q - 6 = -1. Let g(a) = q*w(a) + b(a). What is g(0)?
5
Let y(d) = -d**2 - 4*d - 4. Let i be y(-5). Let g be (-12)/i - (-6)/9. Let n(s) = 8*s**2 + 0 + 0*s**g - 1 - 3*s - 7*s**2. Determine n(2).
-3
Suppose -13 = -5*i - 5*h - 78, 49 = -5*i - h. Let t(q) = q**3 + 9*q**2 - 8. D